ose 12 = l + 4*t, 0 = -t + 36 - 34. Let r be 1*(-6)/4*-2. Suppose -2*z = -0*z - 4*s + 8, -z - l = -r*s. Let y(g) = g**3 + 3*g**2 - 2*g + 2. What is y(z)?
-6
Suppose 154*b + 782 = -142. Let u(v) = -2*v**2 - 14*v - 1. What is u(b)?
11
Let d be (-7)/(-70) + 2/(-20). Let x be 4*(-3)/(-36)*d. Let q(z) = -z + 10. Give q(x).
10
Let h(g) = g**3 + g**2 - 2*g + 3. Let k be 30/25 - 2/10. Suppose -11 = -6*s + k. Suppose -s*r + 4*v = -2, -5*v - 2 = -2*r + 2. Give h(r).
-9
Let k(v) = v**2 - 5*v - 3. Suppose 18 = 2*u + 4*a - 70, 0 = u + 4*a - 54. Let m = -24 + u. Suppose -8*z - 8 = -m*z. Determine k(z).
-7
Let l(d) = 46*d + 41*d - 3 - 7 - d**2 + 19*d - 99*d. Suppose 11 = 2*v - 3. Determine l(v).
-10
Let p(z) = 1. Let s(h) = -h**2 - 7*h - 4. Let l(c) = -2*p(c) - s(c). Let b(m) = 38*m**2 + m + 1. Let t be b(-1). Let q = t - 41. Determine l(q).
-10
Let j(p) = 2*p - 4. Let y be j(3). Let f(c) = 2 + 3*c**2 + 2*c - 4*c**y + 3*c. Let z be (-18)/4 - (9/(-6))/1 - -7. What is f(z)?
6
Let b(z) = 3522*z + 0 - 3526*z + 0. Suppose 28*t - 23*t = -10. Determine b(t).
8
Let o(w) = -28375*w + w**2 - 5*w**2 + 28410*w - 23. Calculate o(8).
1
Let k(z) = 9*z**2 - 70*z - 1. Let r be k(12). Let c be r/(-117) - (-3)/(-27). Let v(i) = -i**3 - 6*i**2 - 4*i + 5. Calculate v(c).
-11
Suppose -2*s - 80 = 18. Let w = -49 - s. Suppose 20 = 5*a - w. Let q(u) = u**3 - 2*u**2 - 5*u - 2. Give q(a).
10
Let u(p) = -p**3 + 9*p**2 - 16*p - 7. Let c be u(6). Let d(o) be the second derivative of -o**3/6 + 23*o. What is d(c)?
-5
Let a(q) = -5*q - 2. Let h(x) = -x**2 + 19*x - 5. Let c(u) = 3*a(u) + h(u). What is c(9)?
-56
Suppose 149*r - 1368 = -193*r + 1026. Let b(a) be the second derivative of -a**3/2 + 5*a**2 + a. Calculate b(r).
-11
Let i(o) = 9*o**2 - 3*o + 3. Suppose 6*m = -73 + 19. Let l(j) = -37*j**2 + 13*j - 13. Let r(n) = m*i(n) - 2*l(n). Determine r(1).
-7
Suppose 0 = 6256*x - 6279*x + 69. Let s(r) be the first derivative of 2/3*r**x + r - 26 + 0*r**2. What is s(-1)?
3
Let z(i) be the third derivative of 0 - 1/60*i**5 + 29/6*i**3 + 0*i + 1/4*i**4 + 21*i**2. Let o(d) be the first derivative of z(d). Give o(4).
-2
Let x(q) = q**2 - 8*q + 1. Let g(a) = -a**3 + 12*a**2 + 12*a + 30. Let w be g(13). Suppose -5*k + 23 = -w. What is x(k)?
1
Let q(i) = -8*i**2 + 50*i - 15. Let d = -751 + 757. Give q(d).
-3
Let c(j) = -3*j**2 - 46*j + 442. Let y be c(-22). Let t(r) = 2*r**2 - 2*r - 3. Give t(y).
1
Suppose -119*l + 870 = -40*l + 95*l. Let p(v) = v**2 + 7*v - 34. Give p(l).
26
Let p(x) = -x**3 + 3*x**2 - 2. Let m be p(2). Let n(q) be the second derivative of 5*q**3/2 - q**2 + 3134*q. Calculate n(m).
28
Let y(g) = 6*g**3 - 27*g**2 + 104*g + 19. Let j(z) = -5*z**3 + 27*z**2 - 105*z - 19. Let i(r) = 5*j(r) + 4*y(r). Calculate i(22).
3
Suppose -4*g + 3*x + 59 = 0, 210*g - 214*g - 2*x + 94 = 0. Let p(s) = 4*s - 95. Determine p(g).
-15
Let u(x) be the first derivative of 2*x**2 - 21*x - 161. What is u(6)?
3
Let t be (-66 - -2)*6/(-12). Let i = -24 + t. Let u(v) = -3*v + i*v - 3*v - 9. What is u(7)?
5
Suppose 0 = 10*r - 5*r - 175. Let y = 37 - r. Let q(o) = -o + 4*o**3 - 7*o**3 + 4*o**3 - o**2 - 1 - 2*o**y. What is q(3)?
-4
Let n(z) = -z**2 - 3*z + 6. Let v(x) = -x - 5. Let u be v(5). Let i be (-2408)/(-70) + (-6)/u. Suppose 0 = -38*l + 33*l - i. Determine n(l).
-22
Let b = -102 + 108. Suppose -3*m - 3*s = -b, 3*m = -5*s + 4*s. Let p(t) = -14*t. Give p(m).
14
Suppose w - 28 = a, -22*w - 68 = 2*a - 27*w. Let d(o) = -o**3 - 24*o**2 + 11. Calculate d(a).
11
Let p = -20 - -6. Suppose -5*k = -j + 26, 6*k = -j + k - 4. Let z = p + j. Let m(h) = h**3 + h**2 - 4*h + 1. Determine m(z).
-5
Let n = 29459 + -29455. Let u(d) be the first derivative of n*d - 1/2*d**2 + 23. Determine u(3).
1
Let p(a) = -a + 5. Let n be p(6). Let l(x) = 4 - 86*x + 271*x - 94*x + 5 - 88*x - 11. Calculate l(n).
-5
Let h(v) = v**3 - 4*v**2 - 38*v + 9. Let t = -21920 - -21915. Determine h(t).
-26
Let o(x) = x**2 - 7*x + 26. Let l be o(3). Let v(s) = l + 1119*s - 562*s - 558*s. What is v(13)?
1
Let g be (-70)/21*(-12)/10. Let x(z) = -34*z + 134. Let k be x(g). Let u(j) = j + 4. What is u(k)?
2
Let w = -254 - -243. Let p(m) = -5*m - 64. Give p(w).
-9
Let w(g) = -86*g + 2. Let b be ((-18)/(-45))/(1/(-3)) - (-3)/15. Determine w(b).
88
Let n(t) = -7 - 3 - t**3 - 1 - t + 3. Let x(p) = -5*p**3 + p**2 - 5*p + 9. Let z(a) = a**3 + a - 2. Let w(h) = -2*x(h) - 9*z(h). Let o be w(1). What is n(o)?
-8
Let h be (2 - 0)*(-1)/(-2). Let l(u) be the third derivative of u**5/20 - u**4/12 + u**3/6 - 182*u**2 + 2*u - 7. Calculate l(h).
2
Let r(i) = -215*i + 445. Let x be r(2). Let l(g) = g**3 - 15*g**2 + 3*g - 46. Determine l(x).
-1
Let v(w) = -106*w - 114. Let y be v(-5). Let s(u) = -181 - u**2 - 208 + y - 4*u. Determine s(-8).
-5
Let t(a) = a**3 - 9*a**2 + 8*a + 1. Let b(r) = r - 26*r - 3*r**2 - 17*r - 1 + r**2 + 9. Let x be b(-21). Calculate t(x).
1
Let f be 21/3 + -2 + (-203)/42. Let v(x) be the third derivative of -1/6*x**3 + 0 - f*x**4 - 8*x**2 + 0*x. Determine v(-3).
11
Let v(g) = -153*g + 295*g**2 - 609*g**2 + 356*g**2 + 38 - g**3. Give v(38).
0
Let b(l) = 3*l**2 + 11 - 11 + 6 + 11 - 9*l - 19. Give b(4).
10
Let k(y) = -20*y + 44. Suppose 150*x + 74 = 187*x. Give k(x).
4
Let o be 4/9 - (14365/(-3825) - 8/10). Let s(v) = v**2 - 5*v. Determine s(o).
0
Let p(f) = -9*f - 8. Let v be p(2). Let q = 32 + v. Let c(o) = 4*o**2 - q*o + 2 - 17*o**3 + 16*o**3 + 1. Calculate c(4).
-21
Let z(i) = -7*i**2 - 10*i - 1. Let p(j) = -2*j**2 - 8*j**2 + 7*j**2 - 4*j. Let c(k) = 9*p(k) - 4*z(k). Give c(-5).
9
Let q(z) = z. Let p(k) = -2*k. Let s(g) = -2*p(g) - 5*q(g). Let a(x) = 43*x - 3305. Let v be a(77). What is s(v)?
-6
Suppose -4*n - 12 = -6*n. Let j(a) = -415*a + 3 + 826*a - 410*a - 15. Give j(n).
-6
Let h(p) = -p - 1. Let l be (1 - -26)*1/3. Suppose -l = c - 7. Let x(n) = -3*n - 2. Let j(b) = c*h(b) - x(b). Give j(-3).
-11
Let r(k) = -k**3 - 5*k**2 - 2*k - 3. Let b(z) = z**3 + 8*z**2 - 47*z + 17. Let o be b(-12). Suppose 4*q - 20 = 0, -o*j + 5 - 15 = 2*q. Determine r(j).
-11
Let l(j) = -718*j + 7889. Let k be l(11). Let i(v) = -6*v - 63. What is i(k)?
-9
Let i(p) = -p - 8. Let b(c) = -4. Let m(g) = -4*b(g) + i(g). Suppose -3*r = -2*j + 5, 0 = -5*r + 15. Determine m(j).
1
Let r(h) be the second derivative of -h**5/20 - h**4/2 - h**3/6 - 11*h**2 + 22*h - 51. Determine r(-7).
34
Let b(u) = -6308*u - 6301*u + 12614*u + 7*u**2 - 5*u**2. Let m = 44 + -48. What is b(m)?
12
Let t(i) = i**3 + 4*i**2 + i. Let m = 5552 + -5555. Determine t(m).
6
Let z(p) = -30*p**2 + 159*p + 25. Let q(m) = 5*m**2 - 27*m - 4. Let o(d) = 35*q(d) + 6*z(d). Determine o(-4).
-106
Let p(q) be the second derivative of -q**3/6 + 3*q**2/2 - 1043*q + 2. Suppose 3*w - 2*w = 13. Determine p(w).
-10
Let x(s) be the second derivative of 0 - 7/2*s**2 + 92*s - 5/6*s**3. Calculate x(-3).
8
Let h(v) = 2*v**2 + 1536*v + 0*v**2 - 1542*v - 11 + v**3. Determine h(-4).
-19
Let f(n) = -1389*n**2 - 24*n + 34 + 2773*n**2 - 1411*n**2 - n**3. Give f(-26).
-18
Let j(w) = -w**3 + 5*w**2 + w + 12. Suppose 15*p - 4*p - 95 = -8*p. Give j(p).
17
Suppose -3*n = -19*n + 64. Let t be -10 + 2 + -3 + n. Let j(s) = s**2 + 8*s + 8. Give j(t).
1
Let a(c) be the second derivative of -c**8/6720 - c**7/504 + c**6/120 - c**5/24 + 13*c**4/6 - 2*c - 6. Let g(h) be the third derivative of a(h). What is g(-6)?
-5
Let q be (2/(-10))/(392/40 - 10). Let m(z) = -13*z**3 - 4*z + 6. What is m(q)?
-11
Let r(d) = d**2 + 3*d + 7. Let t(g) = -4*g**3 - 33*g**2 + 30*g + 2. Let m be t(1). Give r(m).
17
Suppose -3*b = -20 + 2. Suppose -b*q - 22 + 82 = 0. Let k(d) = -6 - 2 + 3*d**2 + q - d**3 - 4*d**2. Calculate k(2).
-10
Let n be (-17)/(-3)*1*(5 - -10 - 18). Let z(y) = y - 6. What is z(n)?
-23
Suppose 0 = -2*z + r + 47, -86*z = -85*z - 4*r + 8. Let d(x) = -x**2 + 39*x - 306. What is d(z)?
2
Let l(s) = -2*s + 19. Let z be 1/(-2)*6*2 + 5 + -7. What is l(z)?
35
Let v(d) = d + 2. Let o(a) = a**2 - 4*a + 268. Let i be o(0). Suppose 5*w + i = -2*f, 3*f - 7*f - 224 = 4*w. Let s = 46 + w. What is v(s)?
-4
Suppose -56 = -9*b + 2*b. Let i be (-14)/b - (-3)/(-12). Let y(n) = 4 - 6*n - 2 + 0. Determine y(i).
14
Suppose -3*w + 0*r = 2*r - 105, 0 = 3*w - 5*r - 105. Let t(a) = -a**3 - 3 + 35*a**2 - w*a**2 + 2. Calculate t(-1).
0
Let i(c) = -11*c**2 - 4*c - 15. Let f(y) = 5*y*